s digit of (-555)/(-6) - (-1)/2?
3
Let q = 105 - 79. Suppose 0 = 5*s + 10, 8*b + s + q = 10*b. What is the units digit of b?
2
Let i = -151 - -1854. What is the hundreds digit of i?
7
Let a be 454/8 + (-25)/(-100). Suppose -83 = -v + a. What is the tens digit of v?
4
Let a(c) = 6*c - 5. Let r be a(-4). Let y(v) = -13*v + 3. Let u be y(-3). Let j = u + r. What is the tens digit of j?
1
Let l be (-4 - -1)/(-1 - 36/(-38)). Let g = l + 148. What is the tens digit of g?
0
Let y(n) = -24*n - 4. Let j be y(-6). Suppose 2*v - j = -3*v. Suppose -v = -3*l - 2*p + 7*p, 3*l - 4*p = 29. What is the tens digit of l?
1
Let c(a) = -13*a - 1 - 3*a - 10*a - 9*a. What is the hundreds digit of c(-6)?
2
Let b = 101 - 70. Suppose -28*y = -b*y + 36. What is the units digit of y?
2
Suppose 2*y + v - 4*v = 0, -7 = y - 5*v. Let u = 5 - y. Let a(f) = 5*f**3 - 3*f + 1. What is the tens digit of a(u)?
3
Suppose 0 = 3*w + 5*b - 226, -3*w = 2*b - 197 - 23. Let o(u) = -u**2 - 10*u - 3. Let r be o(-8). Let t = w - r. What is the tens digit of t?
5
Let z be (-96)/36*(1 + -4). Suppose z*o + 147 = 11*o. What is the tens digit of o?
4
Suppose l - 556 = -l. What is the units digit of l?
8
Suppose -w = w. Suppose w = r - 2. Suppose -r*v + 22 + 0 = 0. What is the tens digit of v?
1
Suppose 0 = -3*v + c - 0*c - 8, 4*c - 20 = 0. Let j be (3 - (-18)/(-3))/v. Let o = j + -2. What is the units digit of o?
1
What is the units digit of (2/(-10))/((-4)/6140)?
7
What is the hundreds digit of -3*(-32)/(-12) - -731?
7
Let x be 4/(-6) + 70/(-3). Let u = x - -48. What is the tens digit of u?
2
Suppose 0 = -4*l - 2*l + 48. Suppose 4*a = -l, -q - 3*a = 2*a - 30. What is the units digit of q?
0
Suppose -2*x + 42 = 20. What is the units digit of 44/(-11) + 0 + x?
7
Let k be 3/(3*3/(-12)) - 0. Let y(w) = 3*w - 6. Let x(s) = 3*s - 5. Let f(i) = 2*x(i) - 3*y(i). What is the tens digit of f(k)?
2
Let t = -21 + 29. Suppose t = 2*p + 2*p. Suppose 0 = 3*w - p*w - n - 67, -5*n = 4*w - 295. What is the tens digit of w?
7
Let c(q) = 15*q - 77. Let v(x) = 7*x - 38. Let y(m) = 2*c(m) - 5*v(m). What is the tens digit of y(0)?
3
Let b(z) = -9*z + 1 - 3*z**2 + 0*z**2 + 4*z**2 - 8. Let l be b(-6). Let q = 153 - l. What is the tens digit of q?
7
Let t be 11 - 9/((-12)/4). Let o(f) = f - 13. Let g be o(t). What is the tens digit of (9 - -1)/(2 - g)?
1
What is the units digit of 41641/7 + 340/(-476)?
8
Suppose 5*k + 3*u = 17563, -2*k + 69*u - 67*u = -7038. What is the tens digit of k?
1
Let q = -34 + 55. Let k = q + -23. Let d = k + 77. What is the units digit of d?
5
Suppose -28*b + 7322 = -21*b. What is the thousands digit of b?
1
Let o(i) = i**3 + 76*i**2 - 258*i + 191. What is the tens digit of o(-79)?
5
Suppose -b = 4*k + 2*b + 36, -64 = 5*k - b. Let a = -88 - -58. What is the tens digit of (-227)/(-5) - k/a?
4
Let b(v) = v**3 - 3*v**2 - 11*v - 11. What is the hundreds digit of b(15)?
5
Let x(m) = 91*m**3 + 2*m**2 + 4*m + 3. What is the tens digit of x(2)?
4
What is the hundreds digit of -4 - (5 - (803 + (6 - 5)))?
7
Suppose -3*x + 1312 + 146 = 0. What is the hundreds digit of x?
4
Suppose -2*d + b - 4*b = 2, 2*d = 2*b + 18. Suppose h = d*m + 89, -2*m - 46 - 169 = -3*h. What is the tens digit of h?
6
Let u(k) = k**2 - 6*k - 7. Let j be u(7). Suppose j = -2*m + p + 125, 5*m + 5*p = 274 + 61. What is the tens digit of m?
6
Let n(l) = -11*l**2 + 157*l - 9. What is the units digit of n(14)?
3
Let p(r) = -3*r**2 + 3*r - 21 - r + 5*r**2 + 0*r. Let u(f) = f**2 + f - 11. Let x(y) = 3*p(y) - 5*u(y). What is the tens digit of x(-6)?
2
What is the hundreds digit of 2/2*2845 + (-160 - -154)?
8
Let j = 11 + -3. Suppose j*k - 6*k = 64. What is the tens digit of k?
3
Let q = 271 + -141. Let f = q - 62. What is the tens digit of f?
6
Let u(k) = 2*k**3 - 3*k**2 - 5*k + 6. Let p = -16 - -22. Let h be u(p). Suppose -4*b - 2*b = -h. What is the tens digit of b?
5
Let n(c) = 2*c - 22. Let l be n(13). Suppose 3 + 5 = l*x. Let t(p) = 2*p**3 + 2*p**2 - 2*p + 3. What is the tens digit of t(x)?
2
Suppose 274*v = 265*v + 22671. What is the units digit of v?
9
What is the units digit of (-10694)/(-22) + (-4)/44?
6
Let g = -1022 + 1681. What is the hundreds digit of g?
6
Let g = -114 + 244. What is the tens digit of g?
3
Let i(g) = -11*g**3 - 5*g**2 - 9*g - 11. What is the thousands digit of i(-5)?
1
Suppose -9 = -5*n + 16, -4*n = f - 23. Suppose -y + 106 = 3*y - f*s, -5*y + 138 = -s. What is the tens digit of y?
2
Suppose -75 = -3*u - 0. Let v = 25 + u. Suppose -3*z - 36 = -a, -v = -4*a - 2*z + 38. What is the units digit of a?
4
Let y(q) = -q**2 + 5*q - 6. Let p be y(4). Suppose 0 = 8*z - 28*z + 40. What is the units digit of (1 - 23/p)*z?
5
Let q(i) = -3*i + 54. Let k be q(18). Suppose -3*c + 3 = 0, -3*t + 3*c - 2*c + 701 = k. What is the tens digit of t?
3
What is the units digit of (77928/28)/2 - 20/35?
1
Let z = -11366 + 16966. What is the tens digit of z?
0
Suppose 823 = 2*r - 1513. What is the hundreds digit of r?
1
Let f(t) = -t**2 + 17*t + 24. Let q be f(18). What is the tens digit of (-10744)/(-51) + (-10)/q?
0
Let b(s) = 2*s**2 + 81*s + 76. What is the units digit of b(-42)?
2
Let q(z) = 13*z**2 + 32*z + 52. Let i(s) = -3*s**2 - 8*s - 13. Let f(b) = 9*i(b) + 2*q(b). Let k be f(-6). What is the tens digit of 2 + (k + 30 - 2)?
2
Suppose -5*z - 1 = n - 3*z, 0 = -3*n - 2*z + 5. Suppose -n*w = j - 201, 5*j - 2*w - 1005 = 2*w. What is the tens digit of j?
0
What is the hundreds digit of 1 + 2095 + -11 - -8?
0
Let g = -13 - -18. Suppose -449 = -3*x - 4*b, 4*x - 291 = g*b + 256. What is the hundreds digit of x?
1
Let h be 72/21 - (-16)/28. Suppose -h*t + 16 + 0 = 0. Suppose 0 = j + t*u - 22 - 17, 0 = 5*j - 5*u - 170. What is the units digit of j?
5
Let u(g) = g**2 - 5*g + 8. Let f be u(7). Let k = f - 9. What is the units digit of k?
3
Let y = -563 + 306. Let c = y + 390. What is the hundreds digit of c?
1
Let l be (-36)/21*14/(-4). Suppose 0 = p - l*p + 220. What is the units digit of (1 + 0)/(11/p)?
4
Let h be (0/(-13))/(3 - 1). Suppose h*b - 708 = -6*b. What is the hundreds digit of b?
1
What is the tens digit of (2/(-2))/(10/(-1110))?
1
Suppose -278 - 88 = -g. What is the hundreds digit of g?
3
Let k(q) = -3*q**3 + 3*q**2 + 8*q + 1. Let t be k(-2). Suppose -4*a = 2*i + 18, a = 6*a + i + 27. What is the tens digit of 561/t + a/(-21)?
2
Let m = -1 + 2. Let t be (-4)/2 + m*-12. Let a = t + 19. What is the units digit of a?
5
Let c = 135 - 32. What is the hundreds digit of c?
1
Suppose 0 = -10*s + 9*s + 6. Let n = s + 39. What is the tens digit of n?
4
Let s = 2147 + -946. What is the tens digit of s?
0
Let l = 575 - 73. What is the hundreds digit of l?
5
Let c(u) = -51*u + 47*u + 2*u**2 - u**2 + 7. Let l be c(3). Suppose l*g - 5*h - 200 = 0, -54 = -5*g - 3*h + 233. What is the units digit of g?
5
Let l(j) be the second derivative of 0 + 6*j + 1/3*j**3 + 7*j**2. What is the units digit of l(8)?
0
Let v(o) be the second derivative of -o**3/6 + 3*o**2 - o. Let j be v(-5). Let u = 15 + j. What is the tens digit of u?
2
Let o = -11 + 17. Suppose 0 = 2*s - o - 2. Suppose -2*w = -s*w + 26. What is the tens digit of w?
1
What is the units digit of 2*24/16 - -542?
5
Suppose -3 + 11 = 4*q. Suppose -3*z - q*y + 24 = 0, -3*z + y + 6 = -3*y. Suppose -9*t + z*t + 63 = 0. What is the units digit of t?
1
Let z = 136 + -70. Let x be 77/(-14)*((-38)/22 + 1). Suppose -182 - z = -x*d. What is the units digit of d?
2
Let z be (6 - 2) + -6 + 4. What is the units digit of (2/z + -87)/(-2)?
3
Let v be 3/(-9) - (-40)/12. Let g(n) = 4*n**3 - 2*n**2 + 4*n. What is the units digit of g(v)?
2
Let j = 30 - 15. Suppose -2*h = 3*h - j, 5*t + h = 133. What is the tens digit of t?
2
Let v = 102 - -3. Suppose 5*l = 2*l + v. Let y = -14 + l. What is the units digit of y?
1
Let d(y) = -y**3 - 5*y**2 - 2*y - 7. Let s be d(-5). Suppose 4*b = -2*t + 14, -b = s*t + 2 + 2. Suppose b*q + 114 = 494. What is the units digit of q?
6
Let p = -7 + 18. Suppose -5*t + 144 = -p. Suppose 5*s = 9 + t. What is the units digit of s?
8
Suppose -125232 = -54*q + 6*q. What is the thousands digit of q?
2
Let t = 1586 + -1076. What is the units digit of t?
0
Let a = 6 + -3. Let g = 1 + a. What is the tens digit of 228/g + -3 + 3?
5
Suppose -5*u + 5*c = 2*c - 12, 0 = -4*c + 4. Suppose -o - 5